{"id":568,"date":"2026-03-07T07:00:30","date_gmt":"2026-03-07T10:00:30","guid":{"rendered":"https:\/\/www.bionosticcascavel.com.br\/?page_id=568"},"modified":"2026-03-19T10:39:03","modified_gmt":"2026-03-19T13:39:03","slug":"area-do-cliente","status":"publish","type":"page","link":"https:\/\/www.bionosticcascavel.com.br\/index.php\/area-do-cliente\/","title":{"rendered":"\u00c1rea do Cliente"},"content":{"rendered":"\t\t<div data-elementor-type=\"wp-page\" data-elementor-id=\"568\" class=\"elementor elementor-568\">\n\t\t\t\t<div class=\"elementor-element elementor-element-617bae2 e-flex e-con-boxed e-con e-parent\" data-id=\"617bae2\" data-element_type=\"container\" data-e-type=\"container\" id=\"pagacesso\">\n\t\t\t\t\t<div class=\"e-con-inner\">\n\t\t<div class=\"elementor-element elementor-element-ce45d2d e-con-full e-flex e-con e-child\" data-id=\"ce45d2d\" data-element_type=\"container\" data-e-type=\"container\">\n\t\t\t\t<div class=\"elementor-element elementor-element-0939b9b elementor-widget elementor-widget-heading\" data-id=\"0939b9b\" data-element_type=\"widget\" data-e-type=\"widget\" data-widget_type=\"heading.default\">\n\t\t\t\t<div class=\"elementor-widget-container\">\n\t\t\t\t\t<h2 class=\"elementor-heading-title elementor-size-default\">\u00c1REA DO M\u00c9DICO VETERIN\u00c1RIO<\/h2>\t\t\t\t<\/div>\n\t\t\t\t<\/div>\n\t\t\t\t<div class=\"elementor-element elementor-element-2c6ed41 elementor-widget elementor-widget-html\" data-id=\"2c6ed41\" data-element_type=\"widget\" data-e-type=\"widget\" data-widget_type=\"html.default\">\n\t\t\t\t<div class=\"elementor-widget-container\">\n\t\t\t\t\t<script src=\"https:\/\/www.google.com\/recaptcha\/api.js\" async defer><\/script>\n\n<form method=\"post\" action=\"https:\/\/cli.bionosticcascavel.com.br\/index\/auth\" onsubmit=\"marcarTipo('medico')\">\n    \n    <label>Usu\u00e1rio<\/label>\n    <input type=\"text\" name=\"usuario\" required>\n<\/br >\n    <label>Senha<\/label>\n    <input type=\"password\" name=\"senha\" required>\n<\/br ><\/br >\n   \n    <div id=\"erro-login\" style=\"color:red; display:none;\">\nUsu\u00e1rio ou senha incorretos.\n<\/div>\n\n<div class=\"g-recaptcha\" data-sitekey=\"6LeprpAsAAAAAMF3VBV7XeJVLRuwCJJ2WXAeQN0t\"><\/div>\n    <button type=\"submit\">Entrar<\/button>\n    \n \n\n<\/form>\n\n<script>\nconst params = new URLSearchParams(window.location.search);\nconst tipo = localStorage.getItem(\"tipoLogin\");\n\nif (params.get(\"badlogin\") === \"1\") {\n    if(tipo === \"medico\"){\n        const erro = document.getElementById(\"erro-login\");\n        if(erro) erro.style.display = \"block\";\n    }}\n<\/script>\n\n\t\t\t\t<\/div>\n\t\t\t\t<\/div>\n\t\t\t\t<\/div>\n\t\t<div class=\"elementor-element elementor-element-e5d6137 e-con-full e-flex e-con e-child\" data-id=\"e5d6137\" data-element_type=\"container\" data-e-type=\"container\">\n\t\t\t\t<div class=\"elementor-element elementor-element-762a1a7 elementor-widget elementor-widget-heading\" data-id=\"762a1a7\" data-element_type=\"widget\" data-e-type=\"widget\" data-widget_type=\"heading.default\">\n\t\t\t\t<div class=\"elementor-widget-container\">\n\t\t\t\t\t<h2 class=\"elementor-heading-title elementor-size-default\">\u00c1rea do Respons\u00e1vel<\/h2>\t\t\t\t<\/div>\n\t\t\t\t<\/div>\n\t\t\t\t<div class=\"elementor-element elementor-element-3f1060a elementor-widget elementor-widget-html\" data-id=\"3f1060a\" data-element_type=\"widget\" data-e-type=\"widget\" data-widget_type=\"html.default\">\n\t\t\t\t<div class=\"elementor-widget-container\">\n\t\t\t\t\t<script src=\"https:\/\/www.google.com\/recaptcha\/api.js\" async defer><\/script>\n<form method=\"post\" action=\"https:\/\/tutor.bionosticcascavel.com.br\/index\/auth\" onsubmit=\"marcarTipo('responsavel')\">\n    \n    <label>CPF<\/label>\n    <input type=\"text\" name=\"usuario\" required>\n<\/br >\n    <label>Senha<\/label>\n    <input type=\"password\" name=\"senha\" required>\n<\/br ><\/br >\n <div id=\"erro-login2\" style=\"color:red; display:none;\">\nUsu\u00e1rio ou senha incorretos.\n<\/div>\n<div class=\"g-recaptcha\" data-sitekey=\"6LeprpAsAAAAAMF3VBV7XeJVLRuwCJJ2WXAeQN0t\"><\/div>\n    <button type=\"submit\">Entrar<\/button>\n\n<\/form><\/br >\n<a href=\"https:\/\/tutor.bionosticcascavel.com.br\/senha\">Esqueceu a senha?<\/a>\n\n<script>\nconst params2 = new URLSearchParams(window.location.search);\nconst tipo2 = localStorage.getItem(\"tipoLogin\");\n\nif (params2.get(\"badlogin\") === \"1\") {\n       if(tipo2 === \"responsavel\"){\n        const erro2 = document.getElementById(\"erro-login2\");\n        if(erro2) erro2.style.display = \"block\";\n    }\n}\n<\/script>\t\t\t\t<\/div>\n\t\t\t\t<\/div>\n\t\t\t\t<\/div>\n\t\t\t\t\t<\/div>\n\t\t\t\t<\/div>\n\t\t<div class=\"elementor-element elementor-element-cb2b883 e-flex e-con-boxed e-con e-parent\" data-id=\"cb2b883\" data-element_type=\"container\" data-e-type=\"container\">\n\t\t\t\t\t<div class=\"e-con-inner\">\n\t\t\t\t<div class=\"elementor-element elementor-element-99fb949 elementor-widget elementor-widget-html\" data-id=\"99fb949\" data-element_type=\"widget\" data-e-type=\"widget\" data-widget_type=\"html.default\">\n\t\t\t\t<div class=\"elementor-widget-container\">\n\t\t\t\t\t<script>\nfunction marcarTipo(tipo){\n    localStorage.setItem(\"tipoLogin\", tipo);\n}\n<\/script>\t\t\t\t<\/div>\n\t\t\t\t<\/div>\n\t\t\t\t\t<\/div>\n\t\t\t\t<\/div>\n\t\t\t\t<\/div>\n\t\t","protected":false},"excerpt":{"rendered":"<p>\u00c1REA DO M\u00c9DICO VETERIN\u00c1RIO Usu\u00e1rio Senha Usu\u00e1rio ou senha incorretos. Entrar \u00c1rea do Respons\u00e1vel CPF Senha Usu\u00e1rio ou senha incorretos. Entrar Esqueceu [&hellip;]<\/p>\n","protected":false},"author":1,"featured_media":0,"parent":0,"menu_order":0,"comment_status":"closed","ping_status":"closed","template":"elementor_header_footer","meta":{"footnotes":""},"class_list":["post-568","page","type-page","status-publish","hentry"],"_links":{"self":[{"href":"https:\/\/www.bionosticcascavel.com.br\/index.php\/wp-json\/wp\/v2\/pages\/568","targetHints":{"allow":["GET"]}}],"collection":[{"href":"https:\/\/www.bionosticcascavel.com.br\/index.php\/wp-json\/wp\/v2\/pages"}],"about":[{"href":"https:\/\/www.bionosticcascavel.com.br\/index.php\/wp-json\/wp\/v2\/types\/page"}],"author":[{"embeddable":true,"href":"https:\/\/www.bionosticcascavel.com.br\/index.php\/wp-json\/wp\/v2\/users\/1"}],"replies":[{"embeddable":true,"href":"https:\/\/www.bionosticcascavel.com.br\/index.php\/wp-json\/wp\/v2\/comments?post=568"}],"version-history":[{"count":7,"href":"https:\/\/www.bionosticcascavel.com.br\/index.php\/wp-json\/wp\/v2\/pages\/568\/revisions"}],"predecessor-version":[{"id":600,"href":"https:\/\/www.bionosticcascavel.com.br\/index.php\/wp-json\/wp\/v2\/pages\/568\/revisions\/600"}],"wp:attachment":[{"href":"https:\/\/www.bionosticcascavel.com.br\/index.php\/wp-json\/wp\/v2\/media?parent=568"}],"curies":[{"name":"wp","href":"https:\/\/api.w.org\/{rel}","templated":true}]}}